he greatest common factor of 345 and 495?
15
Calculate the highest common divisor of 56 and 14.
14
Calculate the greatest common factor of 377 and 247.
13
Calculate the greatest common factor of 140 and 448.
28
What is the greatest common factor of 64 and 104?
8
Calculate the greatest common divisor of 1175 and 175.
25
What is the highest common factor of 20175 and 75?
75
What is the greatest common divisor of 354 and 236?
118
What is the highest common factor of 3892 and 56?
28
What is the greatest common factor of 4354 and 14?
14
Calculate the greatest common factor of 2 and 26.
2
Calculate the greatest common factor of 568 and 16.
8
Calculate the highest common factor of 1820 and 140.
140
What is the greatest common divisor of 22 and 638?
22
Calculate the greatest common divisor of 3869 and 159.
53
What is the highest common divisor of 78 and 312?
78
Calculate the highest common divisor of 44 and 7348.
44
What is the greatest common divisor of 11 and 3?
1
Calculate the greatest common factor of 200 and 525.
25
Calculate the greatest common divisor of 110 and 891.
11
What is the highest common divisor of 16 and 184?
8
Calculate the greatest common factor of 2189 and 11.
11
What is the highest common divisor of 24 and 24?
24
What is the greatest common divisor of 319 and 841?
29
Calculate the highest common divisor of 80 and 48.
16
Calculate the greatest common divisor of 2529 and 99.
9
What is the greatest common divisor of 2175 and 261?
87
What is the highest common factor of 1060 and 159?
53
What is the greatest common divisor of 5811 and 13?
13
What is the highest common divisor of 83 and 83?
83
What is the greatest common factor of 5373 and 9?
9
Calculate the greatest common divisor of 31 and 6.
1
What is the greatest common factor of 875 and 280?
35
What is the greatest common factor of 104 and 104?
104
What is the highest common divisor of 18 and 78?
6
What is the greatest common divisor of 287 and 451?
41
Calculate the highest common divisor of 530 and 848.
106
What is the greatest common factor of 68 and 17?
17
What is the highest common divisor of 63 and 147?
21
What is the highest common factor of 18 and 18?
18
What is the greatest common factor of 70 and 147?
7
Calculate the highest common factor of 29 and 1711.
29
What is the highest common factor of 17633 and 77?
77
Calculate the greatest common factor of 27 and 171.
9
What is the greatest common divisor of 208 and 728?
104
What is the highest common factor of 276 and 480?
12
What is the greatest common divisor of 6 and 3?
3
What is the greatest common factor of 72 and 36?
36
What is the greatest common factor of 124 and 4495?
31
Calculate the highest common divisor of 338 and 26.
26
What is the highest common divisor of 1605 and 60?
15
Calculate the highest common factor of 45 and 72.
9
What is the highest common divisor of 247 and 38?
19
What is the greatest common factor of 102 and 102?
102
What is the greatest common factor of 17 and 221?
17
Calculate the greatest common factor of 1477 and 7.
7
Calculate the highest common divisor of 9688 and 224.
56
What is the greatest common divisor of 110 and 242?
22
Calculate the highest common factor of 693 and 847.
77
Calculate the highest common divisor of 7371 and 162.
81
What is the greatest common divisor of 17 and 7?
1
What is the greatest common divisor of 1254 and 228?
114
What is the highest common divisor of 28 and 56?
28
What is the highest common divisor of 26 and 2678?
26
Calculate the highest common divisor of 54 and 18.
18
What is the highest common divisor of 394 and 14?
2
Calculate the greatest common divisor of 114598 and 22.
22
What is the highest common factor of 69 and 391?
23
What is the highest common divisor of 20 and 470?
10
What is the highest common factor of 288 and 108?
36
Calculate the highest common divisor of 167 and 1.
1
Calculate the greatest common divisor of 171 and 351.
9
Calculate the highest common factor of 7605 and 312.
39
What is the greatest common factor of 1157 and 13?
13
What is the highest common factor of 525 and 35?
35
Calculate the highest common divisor of 199 and 9.
1
Calculate the highest common divisor of 16 and 268.
4
Calculate the highest common divisor of 10 and 1165.
5
Calculate the highest common divisor of 2 and 24.
2
Calculate the highest common factor of 3 and 1263.
3
Calculate the greatest common factor of 242 and 11.
11
What is the greatest common divisor of 168 and 63?
21
Calculate the greatest common factor of 1422 and 553.
79
Calculate the greatest common divisor of 30 and 1090.
10
Calculate the highest common divisor of 64 and 40.
8
What is the highest common factor of 33 and 583?
11
Calculate the greatest common divisor of 42 and 24423.
21
What is the greatest common divisor of 24 and 808?
8
Calculate the highest common divisor of 279 and 7967.
31
Calculate the highest common factor of 928 and 32.
32
Calculate the greatest common factor of 189 and 324.
27
Calculate the highest common divisor of 368 and 27508.
92
Calculate the highest common factor of 6674 and 1207.
71
Calculate the highest common divisor of 1848 and 120.
24
What is the highest common factor of 283 and 1?
1
Calculate the greatest common divisor of 304 and 16.
16
What is the greatest common divisor of 60 and 48?
12
What is the greatest common factor of 5226 and 39?
39
What is the greatest common divisor of 16 and 768?
16
What is the highest common factor of 8979 and 41?
41
Calculate the greatest common divisor of 180 and 1170.
90
Calculate the highest common factor of 63 and 315.
63
Calculate the highest common factor of 24 and 894.
6
What is the greatest common factor of 358 and 146422?
358
What is the highest common divisor of 98 and 4?
2
Calculate the highest common factor of 30 and 75.
15
Calculate the highest common factor of 27 and 23949.
27
Calculate the greatest common factor of 1518 and 66.
66
What is the highest common divisor of 3008 and 64?
64
What is the highest common divisor of 15 and 2445?
15
What is the greatest common factor of 126 and 846?
18
Calculate the highest common factor of 1 and 421.
1
Calculate the greatest common divisor of 1312 and 2528.
32
What is the greatest common factor of 1358 and 3589?
97
What is the highest common divisor of 5 and 64?
1
Calculate the greatest common divisor of 434 and 372.
62
Calculate the highest common divisor of 12788 and 834.
278
What is the highest common divisor of 531 and 8319?
177
What is the greatest common divisor of 15 and 2535?
15
What is the highest common divisor of 48 and 111?
3
Calculate the highest common factor of 20 and 15500.
20
Calculate the highest common divisor of 1054 and 124.
62
Calculate the greatest common divisor of 9 and 333.
9
Calculate the greatest common factor of 782 and 34.
34
What is the greatest common divisor of 1912 and 8?
8
What is the greatest common divisor of 560 and 30?
10
What is the highest common divisor of 152741 and 19?
19
What is the highest common divisor of 1225 and 10045?
245
Calculate the highest common factor of 92 and 207.
23
What is the highest common factor of 9 and 873?
9
Calculate the highest common divisor of 295 and 5.
5
What is the greatest common divisor of 198 and 6?
6
What is the greatest common divisor of 24511 and 579?
193
What is the greatest common divisor of 6751 and 43?
43
What is the greatest common divisor of 767 and 442?
13
Calculate the highest common factor of 323 and 589.
19
What is the highest common factor of 320 and 192?
64
Calculate the highest common divisor of 180 and 5652.
36
What is the greatest common divisor of 837 and 216?
27
Calculate the greatest common factor of 8 and 8872.
8
Calculate the greatest common divisor of 6 and 2448.
6
What is the highest common divisor of 940 and 30?
10
What is the highest common divisor of 90 and 225?
45
Calculate the greatest common factor of 2 and 10.
2
What is the highest common divisor of 19 and 95?
19
What is the greatest common factor of 1400 and 150?
50
What is the greatest common divisor of 60 and 750?
30
What is the highest common divisor of 330 and 720?
30
Calculate the greatest common factor of 355 and 71.
71
What is the highest common divisor of 35 and 259?
7
Calculate the greatest common factor of 265 and 5.
5
C